t l be (22/(-10))/((28/(-20))/7). Let n = -3 - 1. Let z(g) = 14*g**2 + 5*g + 3. Let u(i) = l*q(i) + n*z(i). What is u(3)?
-4
Suppose -y + 12 = 8. Let a(n) = -7 + 18 - 9 + 5*n - y. What is a(1)?
3
Let x(w) = 13*w**2 + 3*w - 9. Let g(z) = 15*z**2 + 4*z - 12. Let i(b) = 5*g(b) - 6*x(b). Calculate i(3).
-27
Let c(w) = -w**3 + 6*w**2 - 8. Let y = 6 - -8. Let t be ((-1)/4)/(y/(-56)). Suppose -2*s + t + 11 = 0. Give c(s).
-8
Let l be 3 + -1 + -3 + 1 + 1700/(-340). Let d(c) = c**3 + 5*c**2 + 7. What is d(l)?
7
Let v(c) = -3*c**2 - 29*c - 26. Let h be v(-8). Let w(a) = -24 + h + a + 19 + 5. Determine w(-8).
6
Let c(y) be the second derivative of -y**8/6720 + y**7/420 - y**6/240 + y**5/40 + 51*y**4/4 + 237*y. Let v(g) be the third derivative of c(g). Give v(6).
-15
Let j(k) = 304 + 112 - 474 + 31*k. Give j(2).
4
Suppose 76*i - 50*i + 130 = 0. Let u(m) = -2*m**3 - 25*m**2 - 19*m - 19. Let d(l) = l**3 + 12*l**2 + 9*l + 9. Let f(x) = 13*d(x) + 6*u(x). Determine f(i).
13
Suppose 10*d - 9*d - 10 = 0. Let k(j) = d*j + 12 - 11 - 9*j. Calculate k(-1).
0
Let l(f) = f**3 - 6*f**2 - 113*f - 24. Let m be l(-8). Let x(g) = g**2 + 12*g - 7. Determine x(m).
57
Let a(k) = 7*k**2 + 43*k + 5. Let o be (-2)/(-9) + 2893/(-99) + 23. What is a(o)?
-1
Suppose m + 24 = -2*o + 4*m, 5*o + 5*m + 35 = 0. Let n = 11 + o. Let l(b) = 8 - 11 + n*b + b. Determine l(2).
3
Let o be 3 - -58 - (-30)/5. Let h(f) = 128*f - o*f - 62*f + 1 + 11*f**2. Determine h(1).
11
Let i(r) = 40 + 41 - 3*r - 7. Let x be i(23). Let z(m) = -m**3 + 4*m**2 + 6*m + 3. Determine z(x).
8
Let r(o) = 2 + 3*o - 2*o - 7*o**3 + 19*o**2 + 2 + 6*o**3. Let d be r(19). Let f = -22 + d. Let z(y) = -3*y - 1. What is z(f)?
-4
Let a(r) be the second derivative of r**4/12 + r**3 - 5*r**2/2 + 2692*r - 2. Give a(4).
35
Let m = -4577 + 4579. Let w(j) = 2*j + 4 + 2*j + 1 - 7. Give w(m).
6
Let n(v) = -v**2 + 17*v + 10. Let u(x) = 5*x + 8. Let y(l) = -3*n(l) + 4*u(l). Give y(10).
-8
Let f(w) be the second derivative of -7*w**4/6 + w**3/6 - 2*w. Let m(k) = k**3 + 9*k**2 - 18*k - 19. Let x be m(-10). Let y = 60 - x. Give f(y).
-15
Let k(b) = -b**3 + 8*b**2 - 7*b - 4. Let y be k(7). Let m(f) be the third derivative of -f**6/120 - f**5/15 + f**4/12 + f**3/2 - 19275*f**2. Calculate m(y).
-5
Suppose 5*p - 60 = -5. Suppose -54 = 2*i - p*i. Let f(c) = 6*c**2 - 8*c + 5. Let h(x) = 7*x**2 - 8*x + 5. Let t(r) = i*f(r) - 5*h(r). Determine t(6).
-7
Let j(t) be the third derivative of t**5/60 + t**4/24 - t**3/3 - 25*t**2 - 20*t. Determine j(4).
18
Suppose -4*j = -3*j + 2*q, -5*q = -4*j - 13. Let v = j + 6. Let a(y) = -2*y**2 + 1. Let o(g) = 15*g**2 + 2*g - 14. Let w(t) = -8*a(t) - o(t). Calculate w(v).
14
Let a(c) be the first derivative of 7*c**2/2 + 56*c - 762. What is a(-9)?
-7
Let d(u) = 29*u + 1. Suppose -13*b = 12*b - 58*b. What is d(b)?
1
Let r(j) = 4*j + 16. Suppose 37*y + 27 = -158. Determine r(y).
-4
Suppose 14*p + 253 = 239. Let l(x) = 18*x**3 + x**2 - x - 1. Calculate l(p).
-17
Let k(q) = 14*q + 1. Let g(s) = 5*s. Suppose -448 = -20*t - 108. Let y(i) = t*g(i) - 6*k(i). What is y(8)?
2
Let p(q) be the third derivative of 2 + 0*q - 7/24*q**4 + 5/6*q**3 + 1/60*q**5 - 6*q**2. Determine p(6).
-1
Suppose -g = -3*t - 4*g - 2331, 0 = 4*t - 3*g + 3101. Let d = t - -776. Let w(p) = -p + 9. Calculate w(d).
9
Let j(n) = 15*n**2 + 6*n + 5. Let i = 247 + -234. Let a(z) = -3*z + z**2 - 2 - 7*z**2 - z**2. Let l(u) = i*a(u) + 6*j(u). What is l(-5)?
-6
Let t(k) = -k**3 + 14*k**2 + 18*k - 43. Let g be t(15). Let l(z) be the third derivative of 0*z - 1/6*z**4 + 3*z**2 + 0 - 1/6*z**3. What is l(g)?
-9
Let w(t) = t**3 - 20*t**2 + 20*t - 17. Let u be w(19). Let d(n) = -8*n**2 + 2*n**2 + 8*n + u*n**2 - 11*n + 4. Give d(-3).
-23
Let w(h) = -50*h - 62. Let m(l) = -32. Let f(s) = -2*m(s) + w(s). Calculate f(1).
-48
Let r(g) be the second derivative of g**5/20 - 5*g**4/12 + g**3 - 7*g**2/2 - 2*g - 2845. Calculate r(4).
1
Let w(s) = -14*s + 76. Let v be 2/6*-16*(-120)/128. Determine w(v).
6
Let c(p) = -8*p - 2. Suppose 0 = 10*m - 2*m. Suppose 0 = -5*l - m*l + 60. Suppose -3*o - 4*y = o - 20, -l = -4*y. What is c(o)?
-18
Let f be 230/((-48)/6 + 10). Let y(q) = 228*q + 5 - 117*q - f*q. Give y(2).
-3
Let h(d) = -d + 2. Let o(a) = -a**2 + 2*a - 4. Let f be o(6). Let u be (21/f)/((-3)/24). Determine h(u).
-4
Let o(n) be the third derivative of -n**5/15 - n**4 - n**3/2 + 1518*n**2. Calculate o(-6).
-3
Let r = 13675 - 13675. Let u(p) = 11*p**3 - 8*p**2 - 11*p + 26. Let g(z) = 4*z**3 - 3*z**2 - 4*z + 9. Let y(f) = -8*g(f) + 3*u(f). Determine y(r).
6
Let k be (-2)/(-5) + (-12)/5. Let w(t) be the third derivative of t**4/4 + 3*t**2 - t - 10. Give w(k).
-12
Let d(s) = -4*s**2 + 41*s + 5. Let z(u) = 5*u**2 - 47*u - 4. Let n(f) = -6*d(f) - 5*z(f). Calculate n(-9).
8
Let n(m) be the first derivative of -6*m**2 - 3. Let o be 12 + 12/8*-2. Suppose -1 = -10*z + o*z. What is n(z)?
-12
Let l(r) = -r**2 - 14*r - 48. Let x = -12871 + 12859. Calculate l(x).
-24
Suppose -33*d + 72 = -60. Let i(k) = -12 - k**2 + 470*k**3 - 471*k**3 + 5*k**2 + 2*k. What is i(d)?
-4
Let u(r) = r + 3. Suppose 0 = -2*l + 7*l - 25. Suppose -3*k + 3*o = -0*o - 9, k = -l*o + 27. Suppose 8 = -2*f, 3*x - 4*f + 8 = k*x. What is u(x)?
9
Let s = -237 + 236. Let y(h) = -1. Let z(j) = -2*j - 3. Let n(o) = s*z(o) - y(o). Give n(-5).
-6
Suppose 14*v - 16*v = -9*v - 21. Let j(x) = -x**3 - 4*x**2 - 3. What is j(v)?
-12
Let p(r) = r**2 + 2*r. Let s be 0/(1/((-1)/(-2))). Let a be (-2)/4 - 65/(-10) - 4. Suppose s = a*k + g + 1, -3*g = 2*k + 3*k. Give p(k).
3
Let n(g) be the second derivative of g**4/6 + 25*g**3/6 + 33*g**2/2 + 1099*g. Calculate n(-11).
0
Let n = -9233 - -9233. Let v(i) be the third derivative of 5*i**2 + 1/60*i**5 + 0*i - i**3 - 1/12*i**4 + n. What is v(5)?
9
Let o(l) be the second derivative of -l**6/120 - l**5/12 - 5*l**4/24 - l**3/2 - 87*l**2/2 - 34*l. Let s(y) be the first derivative of o(y). Give s(-5).
22
Let k be ((-92)/(-28) + (-4 - 1))*-7. Suppose -4*q - 2*p = -8, -4*q + 6*q - p = k. Let b(s) = -2 + s + 2*s**3 - 3*s**3 + 6 + 2*s**2. What is b(q)?
-24
Let u(g) = g**3 - 5*g**2 - 6. Suppose -2*p - 1 = 5, -2*p - 171 = 5*j. Let d be (-121)/j + 8/6. Determine u(d).
-6
Suppose -27*c = -263*c - 414 + 2066. Let v(h) = 42*h - 291. Calculate v(c).
3
Let w(d) = -22*d - 141. Suppose -60*k + 20*k = -306 + 546. Calculate w(k).
-9
Let l(z) be the second derivative of -2*z**4/3 + z**3/2 + z**2/2 + 1270*z. Calculate l(2).
-25
Let a(q) = 669 + 670 + q**3 + 666 - 20*q - 1998 + 7*q**2. Give a(2).
3
Let p = -12963 - -12980. Let q(r) be the first derivative of -3*r - 1/2*r**2 - p + 1/3*r**3 + 1/4*r**4. Give q(0).
-3
Suppose a - 16 = -n, 3*a + 6 + 1 = 2*n. Suppose 15 = 2*g + n. Let l(c) = 6*c**3 - 3*c**3 - g*c**3 + 3*c**2 + 0 + 4. Give l(-3).
4
Let k(z) = -32*z - 161. Let h(a) = 3*a + 6. Let r(g) = 14*h(g) + 2*k(g). Give r(-10).
-18
Let h(y) = 25*y + 23*y**2 - y**2 - 8*y**2 + 2. Calculate h(-2).
8
Let f = 1761 - 1761. Let p(h) be the third derivative of f*h - 1/2*h**3 + 1/24*h**4 + 0 + 30*h**2. What is p(6)?
3
Let u(x) = -x**3 - 10*x**2 + 2*x + 11. Let y be (-3 - -1) + 172 + (-8)/(-4). Let l = 162 - y. Determine u(l).
-9
Suppose v = -2, 0 = r - 5*v - 2 - 14. Let n(h) = -h**2 + 21*h - 94. Let u be n(14). Let z(w) = 6*w + 5 - 1 + 3 - w**2 - u. Calculate z(r).
3
Let k = 4086 + -4092. Let h(r) = -11*r - 77. What is h(k)?
-11
Let c(s) = -s**3 + s**2 + 8*s - 9. Let h be c(0). Let d(o) = -o**3 - 10*o**2 - 7*o + 9. What is d(h)?
-9
Let o(w) = 3*w + 6. Let z = 9643 - 9639. Let v(a) = 3. Let h(r) = -r + 9. Let s(p) = -2*h(p) + 7*v(p). Let i(y) = z*o(y) - 7*s(y). What is i(5)?
-7
Let a = -187 - -458. Let l(r) = 278*r + 5 + 1 - a*r. Calculate l(-6).
-36
Suppose 5*m = 5*n - 5, -8*n + 3*n - 15 = -m. Let z(u) = -7*u**2 - 10*u - 9. Calculate z(n).
-81
Suppose 15 + 37 = 13*f. Let a(h) = -5*h**3 + 2*h**2 - 7*h - 1. Let b(k) = -7*k**3 + k**2 - 8*k - 1. Let r(o) = 3*a(o) - 2*b(o). Give r(f).
-21
Let a(q) = -q**2 + 92*q - 13. Let f(w) = 8*w**2 - 722*w + 102. Let t(m) = -47*a(m) - 6*f(m). Let x be (-7 - -1)*(-1 + 0). Give t(x).
11
Let m(f) = -6*f**2 + 35*f + 2. Let g(a) = -26*a + 318. Let i be g(12). What is m(i)?
-4
Let d(f) = 3*f + 66. Let p(y) = -37. Let t(q) = d(q) + 2*p(q). What is t(3)?
1
Let h(b) = -2*b**2 - 8*b + 11. Let a(l) = 66